23
Suppose -16*y + 10*y = 1416. Let z = -156 - y. Calculate the remainder when z is divided by 28.
24
Let f(s) = -22*s - 239. Calculate the remainder when f(-13) is divided by 22.
3
Calculate the remainder when 9 is divided by (-6*(-2)/12)/(3/9).
0
Let g = -51 + 87. Let m be (-8)/g + (-276)/(-27). What is the remainder when 2/m + (-1070)/(-25) is divided by 22?
21
Let f = 16 + 95. Suppose f = 11*x - 32. Calculate the remainder when 19 is divided by x.
6
What is the remainder when (77/33)/(-3*(-3)/135) is divided by 9?
8
Let i(t) = -t**2 + 5*t - 4. Let q be i(4). Suppose 25 = d - 3*b, q = 4*d - 2*b - 0*b - 130. Let x = -7 - -19. Calculate the remainder when d is divided by x.
10
Let i = -14 + 33. Let r be ((-2)/4)/((-5)/240). Calculate the remainder when i is divided by 272/r - (-1)/(-3).
8
What is the remainder when ((-195)/10)/(-13)*90 is divided by 61?
13
Let a(n) = -n**2 + 7*n - 4. Let x be a(6). Suppose -3*m + b + 275 = m, -136 = -x*m + 2*b. Suppose -47 = -4*d + m. What is the remainder when d is divided by 15?
14
Let y(c) = -c**2 - 7*c + 7. Calculate the remainder when 169 is divided by y(-5).
16
Suppose -2*d = -0*d + 4*g - 24, 2*g = 4. Calculate the remainder when 16 is divided by d.
0
Let g(n) be the second derivative of n**4/3 + n**3/3 - 3*n**2/2 + n. Calculate the remainder when 50/(-3 + (-4)/(-1)) is divided by g(2).
16
Suppose -3*b + 4*b + 3*z - 8 = 0, 3*b = -2*z + 52. What is the remainder when (22*(-21)/(-18))/(1/3) is divided by b?
17
Suppose r + 1 + 12 = 2*b, -2*r = 2*b - 28. Suppose 3*m - m = 4*o - 54, -3*m - 3*o - 36 = 0. Let k = 17 - m. What is the remainder when k is divided by b?
7
Let x = -3 + 17. Suppose 4*i - 19 = -3*q, -x = -q - q - 2*i. What is the remainder when 31 is divided by q?
4
Suppose -3*j = z - 3, z - 4*j = 5*z + 4. Let h be 1 + 9/z + -25. Let p = 11 - h. What is the remainder when p is divided by 13?
12
Suppose g + 5*b + 948 = 2*g, 3*g + 3*b = 2790. What is the remainder when g is divided by 104?
101
Suppose -4*g + 20 = -a - 102, -a = 5*g - 148. Let p = 32 - g. What is the remainder when p is divided by 0 - (2 - (2 - -2))?
0
What is the remainder when 32/96 - ((-545)/(-3))/(-1) is divided by 50?
32
Let w = -38 + 56. Suppose -w + 36 = j. Suppose -3*i + 234 = h + 83, -5 = h. What is the remainder when i is divided by j?
16
Calculate the remainder when 622 is divided by 104/12*27/6.
37
Let l(s) = 4*s + 51. Calculate the remainder when 243 is divided by l(3).
54
Let c(n) = -3*n - 33. Let l be c(-11). Suppose l = 7*a - 78 - 6. What is the remainder when 57 is divided by a?
9
Let g = -20 - -79. Calculate the remainder when 116 is divided by g.
57
Let a = 57 + -44. Calculate the remainder when 22 is divided by a.
9
Suppose -t - 4*u + 117 = 0, -3*t - 2*u = -489 + 88. Calculate the remainder when t is divided by 29.
21
Suppose h = -2*h + 753. Suppose -n - 4*n + 3*x + h = 0, 2*x - 143 = -3*n. What is the remainder when n is divided by 17?
15
Suppose 95 = 8*f - 137. What is the remainder when f is divided by 10?
9
Suppose 0 = -3*u + 3, -29*l = -31*l + 3*u + 859. Calculate the remainder when l is divided by 31.
28
Let t(c) = -c**2 + 12*c - 10. Let j(z) = z**2 - 3*z - 1. What is the remainder when j(4) is divided by t(11)?
0
Suppose 63*i - 1460 + 326 = 0. Let c(v) = 2*v**3 - 5*v**2 - 3*v - 6. Let y be c(5). Let d = y + -17. What is the remainder when d is divided by i?
15
Let n = -1504 - -2153. What is the remainder when n is divided by 65?
64
Let x = 5689 - 5648. What is the remainder when x is divided by 10*3*1/2?
11
Let a be 4/(16/116) - 6/(-2). Let g = 67 - a. What is the remainder when g is divided by 6?
5
What is the remainder when (-164)/(-8)*8 - -2 is divided by 27?
4
Suppose 0 = -t - 5, -4*y - t + 6 = -77. Suppose 2*c - 12 = y. Calculate the remainder when 84 is divided by c.
16
Let z(i) = i**2 + 41*i - 10. Let b(m) = 14*m + 1 - 4 + 0 + 0*m. Let r(y) = -8*b(y) + 3*z(y). What is the remainder when 40 is divided by r(-5)?
12
Suppose 4*b = -2*v + 32 + 22, 0 = 5*b - 25. What is the remainder when 143 is divided by v?
7
Suppose 0 = -3*p + 2*p + 11. Suppose 5 = 3*n - 4. Suppose 15 = -3*s, 0*h + 200 = 5*h + n*s. Calculate the remainder when h is divided by p.
10
Let p(i) = 3*i**2 + 19*i + 21. What is the remainder when p(-12) is divided by 39?
30
Calculate the remainder when 73 is divided by 453/18 - (2 + 44/(-24)).
23
Suppose 0 = 3*g - 7 - 2. Calculate the remainder when (64 - -1) + (g - 5) is divided by (-1400)/(-42) + (-2)/(-3) + -1.
30
Suppose -5*a + 103 + 202 = 0. Let z = -2973 + 2981. Calculate the remainder when a is divided by z.
5
Let z be 2/6*(-5)/(10/6). What is the remainder when 27 is divided by 816/80 - z/(-5)?
7
Let a = 726 - 649. What is the remainder when 307 is divided by a?
76
Let p be 15 + -8*(-4)/8. Suppose -r + 68 + p = 0. What is the remainder when r is divided by 15?
12
Let t = 1185 - 1138. Calculate the remainder when 318 is divided by t.
36
Calculate the remainder when 219 is divided by 82 - 2/5*20.
71
Let k = -16891 - -16936. Suppose 0 = t + 5*b - 57 - 7, 0 = t + 2*b - 79. Calculate the remainder when t is divided by k.
44
Calculate the remainder when 191 is divided by (-5 - -29)/((-15)/(-40)).
63
Let y be -22 + (-1 + 2 - 0). Let s = -36 + 55. What is the remainder when -3 - 7/(y/174) is divided by s?
17
Let f = 157 + 303. Calculate the remainder when f is divided by 42.
40
Let z = 25 + -17. Let u = 11 + -6. What is the remainder when z is divided by u?
3
Let q be 2/(-12) - (-104)/48. Suppose -3*c + 14 + 4 = 0. Suppose -q*t - 244 = -c*t. What is the remainder when t is divided by 16?
13
Let q(i) = -i**3 + 8*i**2 - 6*i - 2. Let z be q(7). Suppose 2*s - 3*x - 28 = s, z*s + 3*x - 194 = 0. Calculate the remainder when s is divided by 22.
15
Let c be -2 + 9 + 22/11. Let o = 16 - c. Suppose -5*s = 3*r + 2*r - 50, 2*r = 4*s + 26. What is the remainder when r is divided by o?
4
Calculate the remainder when 103 is divided by ((-28)/(-5))/((-9)/(-315)*7).
19
Suppose -3*b - j = -2*b, 4*b - 15 = j. Let z(i) = i**3 - i. Let m be z(2). What is the remainder when -2*(-3)/(m/4) is divided by b?
1
Suppose -4*b + 0*b + 38 = -5*n, 0 = 2*b + 3*n - 8. Let a = 9 - b. Suppose -a*s - 2*s = -20. Calculate the remainder when 8 is divided by s.
3
Let x = -88 - -104. Let g = 43 - x. What is the remainder when 50 is divided by g?
23
What is the remainder when 60 is divided by (-9 - -5)/(-2)*7?
4
Suppose -5*f + 15*f = -70. Let w = f - -26. Calculate the remainder when 36 is divided by w.
17
Let p(r) = 2*r**2 - 10*r + 11. Calculate the remainder when 10 is divided by p(4).
1
Let h(p) = -8*p**2 + 20*p**3 + 2*p - 10 + 2*p**2 - 19*p**3. Calculate the remainder when h(6) is divided by 2.
0
Let j(g) = -g**2 + 20*g + 58. What is the remainder when 122 is divided by j(21)?
11
Suppose t - 6*t + 25 = 0. Suppose 9*f - 4*f = 40. What is the remainder when f is divided by t?
3
Let v = -139 + 230. Suppose 105 = 9*x - 102. What is the remainder when v is divided by x?
22
Let l be -32 + 46 - 1/((-1)/(-4)). Suppose -l*b + 1549 - 399 = 0. Calculate the remainder when b is divided by 29.
28
Let b(r) = 3*r**2 - 19*r. Let i(o) = -o**2 + 2*o - 1. Let l(j) = b(j) + 4*i(j). What is the remainder when 19 is divided by l(-10)?
1
Let r(t) = 6*t**2 + 51 - 52 + t**2 + 0*t + 4*t. Calculate the remainder when 38 is divided by r(-2).
0
Let b = 877 + 112. What is the remainder when b is divided by 110?
109
Let i = -9 + 1. Let n = i - -8. What is the remainder when 82 is divided by (-8 - -9)*(n + 14)?
12
Suppose -109 = i - 782. Calculate the remainder when i is divided by 135.
133
Suppose -2*y - 3*j + 226 = 0, -4*j = -2*y - 0*j + 254. Let l = y - 91. Calculate the remainder when 138 is divided by l.
26
Let k(b) = -84*b - 66. What is the remainder when 69 is divided by k(-1)?
15
Suppose 0 = 23*u - 25*u - 36. Let l = -17 - u. Let q = 9 + l. What is the remainder when 27 is divided by q?
7
Calculate the remainder when ((-1295)/(-245))/((-3)/(-21)) is divided by (-1)/(1/(-2)) - -18.
17
Suppose -3*b = 3*g + 37 - 157, -3*b - g = -128. What is the remainder when b is divided by 27?
17
Suppose 0 = -17*v + 36 + 66. Calculate the remainder when 238 is divided by v.
4
Suppose -2*j - p - 1 = -2*p, 2*j = 3*p - 11. Suppose -2*u - 3*u = -60. What is the remainder wh